1 + -6?
3
Let d = 54 + 5169. What is the tens digit of d?
2
Let u = -151 - -164. Suppose 0 = 6*d + u*d - 2128. What is the hundreds digit of d?
1
Let t be 1742/6*1*(1 + -4). Let l = -508 - t. What is the units digit of l?
3
What is the units digit of 837/3906 + (-15467)/(-14)?
5
Suppose -2*w + 58*z = 57*z - 6192, 2*w = -8*z + 6156. What is the units digit of w?
4
Let i be (-10)/4*(12 - 32). Let h be -3*(-5*(-1 + i) + 3). Suppose 0 = 3*m - 3*r - h, -3*r + 8*r = 4*m - 971. What is the tens digit of m?
3
Suppose 9 + 3 = 3*t. Let g be 874/(-30) - t/(-30). Let m = g - -75. What is the tens digit of m?
4
Let j(g) = 40*g + 81. Let a be j(-15). Let f = a - -872. What is the hundreds digit of f?
3
Suppose a + 3*j = 22, 3*a - 5*j = a + 66. What is the tens digit of 352/6*((-441)/a)/(-7)?
3
Suppose -4*y + 7 = -3*z + 11, 2*z + 2*y = -2. Suppose 3*c - 12 = z, v - c - 87 = 141. What is the hundreds digit of v?
2
Suppose -y = -3*x - 5064 + 64, -5*y = -3*x - 25012. What is the hundreds digit of y?
0
Let o = -18713 - -28235. What is the tens digit of o?
2
Let a(h) = 22*h**2 - 20*h - 117. Let y = 105 - 111. What is the units digit of a(y)?
5
Let u(k) = 4*k - 16 + 10 + 12*k**2 + 0 + 15*k**2. What is the units digit of u(4)?
2
Suppose -239434 = -71*q + 241094. What is the thousands digit of q?
6
Suppose -12659 + 483 = -8*o. Suppose 0 = 5*x - j - 2538, -7*x + j = -4*x - o. What is the tens digit of x?
0
Suppose 2*a - 8 = -4. Suppose 5*f + 5*v = -5, f - 3*f + a*v = -14. Suppose -h + 406 = 4*x, -x + f*h - 107 = -2*x. What is the hundreds digit of x?
1
Suppose -i = -5*j + 4009, 0 = 3*j + 3*i - 2240 - 151. Let x(m) = 3*m - 3. Let l be x(1). Suppose l = 13*h - 22*h + j. What is the units digit of h?
9
Let a(u) = 21*u**2 + 210*u - 7519. What is the thousands digit of a(60)?
0
Let d be 5/2*(3 + 147/(-35)). What is the tens digit of ((-472)/(-16))/(d/(-42))?
1
Let m = 236408 + -161689. What is the thousands digit of m?
4
Let g = -537 - -22. Let h be -1 - (-3)/(15/g). Let a = -65 - h. What is the tens digit of a?
3
Suppose 35*v = 40*v - 3*q - 335295, -2*v = 2*q - 134134. What is the units digit of v?
2
Let l = -39 - -9. Let q be l/(-1) + (-9)/3. Suppose 0 = o - 5*p - q - 15, -o = 2*p - 77. What is the tens digit of o?
6
Let n(a) = -13774*a + 821. What is the hundreds digit of n(-4)?
9
Let f(c) = 19*c + 19. Let i be f(-1). Suppose -2*w - 12*u + 1704 = -8*u, -4*w - 3*u + 3393 = i. What is the hundreds digit of w?
8
Let m(x) = -x**2 + 0 + 0 - 5*x - 7*x**2 - 12 + 2*x**3. What is the tens digit of m(6)?
0
Let o(u) = -2*u**2 + 34*u - 6. Let w(f) = -f**2 + f + 2. Let z(r) = -o(r) - 5*w(r). What is the hundreds digit of z(12)?
5
Suppose -307860 = -112*h + 110043 + 67281. What is the units digit of h?
2
Let l(j) = 2 - 224*j**3 - 10*j + 7*j + 0*j**2 + j**2 + 0*j**2. Let v be l(1). What is the tens digit of (v/(-20))/((-8)/(-20))?
2
Let a be (2/7)/((-3)/(-483)). Suppose -a = 17*q - 12. What is the hundreds digit of q/3 + 4613/21?
2
Let b be 7 - (-3 - (-1 + -1)/1). Suppose -b = 3*d + l - 6*l, -d - 5*l = -24. Suppose -5*x = 4*o - 8*o - 244, -o - 193 = -d*x. What is the units digit of x?
8
Suppose 2 - 29 = 27*d. What is the tens digit of (-41)/(-123)*(481 + d)?
6
Let c(u) = 2*u - 20. Let z be c(10). Suppose 4*j - 5 + 1 = z. What is the units digit of j*(-2)/(4/(-38))?
9
Let v(w) be the third derivative of -9*w**4/8 - 46*w**3/3 - 79*w**2. What is the units digit of v(-14)?
6
Suppose -38807 = -f - 2*o, 3*o = 341*f - 338*f - 116475. What is the thousands digit of f?
8
Suppose 5*z - 174 = 2*i, 3*i = z - 22 - 5. Let w(y) = y - 3. Let b be w(6). Suppose 3*v - z = -b. What is the tens digit of v?
1
Suppose -p + 1255*l + 2412 = 1260*l, 5*p - 3*l = 11948. What is the hundreds digit of p?
3
Let v = -114 + 118. Suppose 0 = v*f + 4*o + 584 - 4468, -1954 = -2*f + 2*o. What is the tens digit of f?
7
Let t(j) = j**2 + 70*j + 204. Let n be t(-3). Suppose -9*x + 12*x = 15, 2*x = -n*o + 1261. What is the units digit of o?
7
Suppose 83*c - 33*c - 26*c = 1481112. What is the thousands digit of c?
1
Let d be (((-376)/12)/1)/((-4)/78). Let m = d + -432. Suppose -5*w = 3*k - 155, 5*k + w - 116 = m. What is the tens digit of k?
6
Suppose -3*q - 3 + 12 = 2*l, -l = 2*q - 5. Suppose -2*y + 4 = 0, -l*z = z + 4*y + 28. What is the units digit of (1/3 - 3)*z/6?
4
Let t = 32 - 30. Let n be (50/(-20))/(((-2)/2)/t). Suppose -n*f + 15 + 6 = -j, 5*j = -4*f + 11. What is the units digit of f?
4
Let p(j) = -j + 42*j**2 + 17 + 12*j**2 - 15*j**2 + 4*j + 113*j**2. What is the tens digit of p(-3)?
7
What is the hundreds digit of ((-135)/(-15) - 29322)/((-4 - -2)/2)?
3
Suppose 22557 - 58182 = -15*l. Suppose 7*i - 12*i + l = 0. What is the tens digit of i?
7
Suppose 2*a - 5*q + 7*q - 1896 = 0, -3*q - 2820 = -3*a. Let x = 1477 - a. What is the units digit of x?
3
Let v(o) = -o**3 - o**2 - 6. Let i(r) = r**3 + 18*r**2 + 16*r - 20. Let w be i(-17). Let a be v(w). Suppose 2*t - 50 = -a. What is the units digit of t?
9
Let o(g) = 25098*g**2 - 315*g - 314. What is the units digit of o(-1)?
9
Suppose 201 = -k - 925. Let y = 3129 + k. What is the hundreds digit of y?
0
Suppose -o - 5*k = o - 67, -5*o + 2*k + 153 = 0. Let y = 426 - 277. Let s = y + o. What is the units digit of s?
0
Suppose -9*x + 42971 = -59647. What is the hundreds digit of x?
4
Let b(i) = 13*i**2 + 13*i + 19. Let k be 1*4*((-124)/16 - -6). What is the units digit of b(k)?
5
Let c(m) = m**2 - 27*m + 75. Let b be c(14). Let p = b - -161. What is the units digit of p?
4
Let y(b) be the second derivative of 11*b**5/6 + 9*b**2 + 7*b. Let u(g) be the first derivative of y(g). What is the hundreds digit of u(1)?
1
Suppose -192 = -9*u - 129. Suppose 1233 = l + 3*g, u*l + 6129 = 12*l - 3*g. What is the hundreds digit of l?
2
Suppose -20*l + 150 = -15*l. Let s be l*(4 - 21/6). What is the units digit of ((1 + -1 - -9) + -1)*s?
0
Suppose -2*p = f - 3*p + 6, 3*f + 2*p = -23. Let a(q) = q**3 + 13*q**2 - 9*q - 15. What is the units digit of a(f)?
2
Suppose 28*h - 50 = 78*h. What is the thousands digit of h + 6 - (-1147 - -3)?
1
Let x be (-15)/(-6)*(-3)/(75/(-20)). Suppose -x*g + 5*g - i = 416, -2*g = -2*i - 276. What is the hundreds digit of g?
1
Let w = 20 + -20. Suppose 5*x - 8033 = -4*r, 0 = -w*x + 2*x - r - 3208. Suppose -7*q - x = -22*q. What is the tens digit of q?
0
Let r(i) = -i**3 + 25*i**2 + 72*i - 37*i + 47 - 8*i. What is the units digit of r(25)?
2
Let k(j) = 4*j**2 - 90*j + 35. Let g be k(37). Let a = g - 1263. What is the tens digit of a?
1
What is the hundreds digit of -21*32/56 + (1 - -72751)?
7
Let a be 89/(-2) - (-7)/(-14). Suppose -w + 5*t + 39 = 13, -5*t - 29 = -4*w. What is the units digit of (-4 - a) + (1 - w)?
1
Let f = -637 + 947. Let k = 517 - f. What is the units digit of k?
7
Let v = 29255 + -26650. What is the units digit of v?
5
Let k(l) = 2*l + 68. Let g be ((-342)/60 + (-2)/(-10))*4. Let i be k(g). Let q(h) = h**3 - 25*h**2 + 28*h. What is the tens digit of q(i)?
9
Suppose 0 = -13*k - 404 + 534. Suppose -8820 = -k*l - 0*l. What is the units digit of l?
2
Suppose 4*n = -2*f + 156, f + 2*n = -n + 83. Let q = 77 - f. Suppose 2*i = q + 245. What is the units digit of i?
7
Let v(d) = -2*d**2 - 13*d + 182. Let a(y) = -y**2 - 11*y + 180. Let c(q) = 6*a(q) - 5*v(q). What is the thousands digit of c(-17)?
1
Let b = 4 - 1. Suppose 5*z = -b*i + 7 + 10, 3*z - 7 = -i. Suppose p - 45 = -w, 2*p + i*w = 3*p - 65. What is the tens digit of p?
4
Let g be 12/15*(-4 - (-78)/12). Suppose -2*v = g*v + 4*j - 616, -j - 478 = -3*v. What is the units digit of v?
8
Suppose 9*z - 54774 = 64197. What is the units digit of z?
9
Let g(z) = 29*z**2 + 82*z + 1109. What is the hundreds digit of g(-18)?
0
Suppose -3*w + 57847 = 5*v, 3*w - 4*v - 84960 = -27077. What is the tens digit of w?
8
What is the hundreds digit of (0 - 1/(2/(-6))) + (538 - 10)?
5
Suppose -33 = -6*a - 27. Let b be (8/44 + (-93)/(-33))*a. Suppose 234 + 237 = b*o. What is the tens digit of o?
5
Suppose -2*y + 51*o + 14352 = 48*o, 2*y + 3*o = 14364. What is the thousands digit of y?
7
Let d = 215 + -213. Suppose -58 - 56 = -4*f - 2*n, d*n = -6. What is the tens digit of f?
3
Let n be (4/(-12))/(29/15 + -2). Suppose 94 = c - 107. Suppose -n*f = -8*f + c. What is the units digit of f?
7
Let d(j) = j**3 - 15*j**2 -